emainder when 20383 is divided by t?
181
Calculate the remainder when (0/(-1) + 21)/((-1106)/(-84) + -13) is divided by 29.
10
Let d(m) = 4*m**2 + 4*m. Let z(g) = g**3 - 2*g**2 - 19*g + 5. Let h = 190 + -183. What is the remainder when z(h) is divided by d(-3)?
21
Suppose 4*b - 82 = -0*b - 2*w, 5*b - w - 85 = 0. Suppose 5*r - 88 = 3*z, 0*z = z - 4*r + 27. What is the remainder when z/8*(-10 + 2) is divided by b?
13
Suppose -3*k - 181 - 17 = -3*z, 0 = 4*z + 5*k - 237. Suppose 0 = -4*r - z + 23. Let m = r + 13. What is the remainder when 3 is divided by m?
0
What is the remainder when 24463/4 - 72/(-288) is divided by 175?
166
Let x be ((-800)/(-2))/1 + (-50 - -45). Let w = x - 359. What is the remainder when 287 is divided by w?
35
Suppose 5*p + 5*f - 836 = 499, -p + 269 = 3*f. Let s(j) = 3*j**2 - j + 10. Calculate the remainder when p is divided by s(4).
50
Let b = -104352 + 104360. What is the remainder when (-2)/6 - (-224)/6 is divided by b?
5
Calculate the remainder when (-20)/60 + (-85493)/(-51) is divided by 335.
1
Let g = -60 + 60. Suppose -2*l - 6 + g = 0. What is the remainder when -4*(1 - (l - 135/(-12))) is divided by 8?
5
Let y be (-246)/1107 + (-1132)/9. Let q = y - -141. What is the remainder when 102 is divided by q?
12
Suppose 0 = 3*y - 3*z - 33, 144*y - 148*y = 3*z - 79. What is the remainder when 1629 is divided by y?
13
Let i be (0 - -212)*((-104)/(-16) + -7). Calculate the remainder when i*90/(-24) + 5/(-10) is divided by 19.
17
Let q(k) = -k**3 - k**2 + 68 - 6 - 2*k**2 - 2*k. Calculate the remainder when q(0) is divided by 35.
27
Let m = 1726 + -1710. Calculate the remainder when m is divided by 3.
1
Let v(x) = 70*x + 1083. What is the remainder when v(-8) is divided by 75?
73
Let w = 23979 - 23156. What is the remainder when w is divided by 87?
40
Let f = -405 - -404. Let p(k) = -44*k + 23. Calculate the remainder when p(f) is divided by 18.
13
Let s = 475 + -851. Let v(z) = z**2 + 2*z - 19. Calculate the remainder when (-5)/(-15) - s/6 is divided by v(-7).
15
Let z = 84 - 40. Suppose 0 = 3*v + l - 385, -6*v - 638 = -11*v + 2*l. What is the remainder when v is divided by z?
40
Let c(h) = -h**3 + h**2 - 4*h + 17. Let i = 3 - 3. What is the remainder when c(i) is divided by 7?
3
Let x(t) = 2*t - 11. Let q be x(7). Let y = 218 - 214. Suppose 2*l - 97 = 3*k, l - y*k + q*k = 46. What is the remainder when l is divided by 9?
5
Let d(s) = -s**3 - 11*s**2 - 4*s - 40. Let m be d(-11). Suppose -14 = -m*q + 94. What is the remainder when 66 is divided by q?
12
Suppose -12*c = -0*c + 3888. Let h = c - -479. Calculate the remainder when h is divided by 53.
49
What is the remainder when 1503 is divided by ((-1989)/(-26))/51*(2*2 - 0)?
3
Let b = -1 + 14. Suppose 11*g - 55 = -440. Calculate the remainder when 10/g + -1*1772/(-28) is divided by b.
11
Let t(s) be the first derivative of -s**2/2 + 3*s + 26. Let a be t(-5). Calculate the remainder when ((-2)/a)/((-3)/804) is divided by 17.
16
Suppose -35*b - 513 = -38*b. Let o = -159 + b. Calculate the remainder when 42 is divided by o.
6
Suppose -5*v - 1455 = -5*q, 0 = -q - 3*q + 3*v + 1167. Calculate the remainder when q is divided by 12 + (-604)/(-16) - ((-140)/490)/(8/7).
44
Suppose 127*p - 60*p + 1164 = 73*p. Calculate the remainder when 5423 is divided by p.
185
Suppose 4*v = 3*v + 218. Let b = -150 + v. What is the remainder when b is divided by 12?
8
Suppose -9*f + 2 = -8*f. What is the remainder when (-16)/(192/(-738)) + f/(-4) is divided by 35?
26
Suppose -15 = -3*h - 3*o, 4*h - 11 = o - 6. Suppose -h*k - 80 = 3*k. What is the remainder when (-100)/k + -6 - (-134)/8 is divided by 3?
2
Let v(h) = h - 32. Let g be v(14). Calculate the remainder when (-92)/(-5) + 4/(-10) is divided by (((-18)/4)/3)/(g/120).
8
Suppose -15*l - 36 = -66. Calculate the remainder when (-133)/(-2) + (-10)/4 + 2 is divided by l.
0
Calculate the remainder when 4/(-6)*(-5985)/(-760)*9448/(-6) is divided by 44.
39
Let x(l) = -l**3 + 6*l**2 + 15*l - 73. Let d be x(6). Suppose 0 = -d*z + 314 + 145. What is the remainder when z is divided by 15?
12
Suppose 3*b = -3*s - b + 714, -4*s = b - 965. Calculate the remainder when s is divided by 81.
80
Suppose 4*i + 29 = 41. Suppose 5*a - 205 = i*k, -6*a = -2*a + 3*k - 137. What is the remainder when a is divided by 15?
8
Let p be (8 + -5 - -498) + 8. Suppose -r - 5*g = -2*g - p, -r + 5*g = -493. Calculate the remainder when r is divided by 72.
71
Let v(b) = 4*b**3 - 21*b**2 + 4*b - 1. Let j be v(5). Suppose -h = 5*r - 30, -5*h - 6 = -3*r + 40. Let w = r - j. What is the remainder when 36 is divided by w?
10
Suppose 100*w - 75*w - 72425 = 0. Calculate the remainder when w is divided by 46.
45
Let y be (-4)/18 - 490/(-18). Suppose s - 4 = y. Suppose -p = c + 3*c - 64, 5*p - 2*c = 298. Calculate the remainder when p is divided by s.
29
Suppose -20*u + 17*u + 87 = 0. Suppose 5*a - 5*f = -f + 701, -f = 3*a - 424. Calculate the remainder when a is divided by u.
25
Let g be 2/(-6) + 13624/(-78). Let w = g - -191. What is the remainder when 40 is divided by w?
8
Let d be (-50)/(-10) + 0 + -4 + 10. Let i(z) = z**3 - 15*z**2 + 42*z + 31. Calculate the remainder when 168 is divided by i(d).
6
Let i(g) = -2*g**3 - 53*g**2 - 121*g - 7. What is the remainder when 4944 is divided by i(-24)?
14
Suppose -2*f - 852 = -9*f - 5*f. What is the remainder when 41887 is divided by f?
68
Suppose 0 = -5*n - k + 462, -3*n + k + 375 = n. Suppose -2*c + 96 = 4*z, -5*c - 3*z + 219 = -0*z. What is the remainder when n is divided by c?
9
Suppose -41*l + 6 = -42*l. Let d = 59 - 61. What is the remainder when (16/l - d) + 113/3 is divided by 14?
9
Suppose 3*y = l - 40, -37*l - 190 = -41*l + 2*y. Calculate the remainder when 285 is divided by l.
40
Let r = 796 + -433. Let t = 4940 + -4879. What is the remainder when r is divided by t?
58
Let x = 31 + -21. What is the remainder when (((-278964)/(-21))/54)/(2*3) is divided by 1 + 2/(4/x)?
5
Let b = -5054 - -5691. Calculate the remainder when b is divided by 92.
85
Let k(y) be the third derivative of -29/6*y**3 + 0 + 0*y - 47*y**2 - 7/24*y**4 + 1/60*y**5. Calculate the remainder when 149 is divided by k(11).
14
Let v(f) = 4*f**2 + 357*f + 5768. What is the remainder when v(-17) is divided by 272?
39
Let d = -29 + 32. Suppose d*s = 2*s + 3. Suppose s*l + 0*l + 56 = 5*v, -3*v + 34 = -2*l. What is the remainder when 87 is divided by v?
7
Let q = -500 + 520. Let x(l) = l**3 - 23*l**2 + 62*l - 30. What is the remainder when 36 is divided by x(q)?
6
Let o(y) = -y**3 + y**2 - y + 17. Let r be ((-27)/18)/((-2)/(-4)). Let k be (0/3)/(0 + r). Calculate the remainder when 99 is divided by o(k).
14
Let l be (-10)/(-2) + -3 - (7 - -1). Calculate the remainder when 115 is divided by 60/(-9)*(l + 0).
35
Suppose 4*y + 11*y = 135. What is the remainder when 18 is divided by ((-51)/y - -1)*(-12)/14?
2
Let b = -147 + 148. What is the remainder when 251 is divided by 32/b - (-4 - 96/(-12))?
27
Let d(u) = 13 - 201*u - 4 + 0*u**2 + 28*u**2 + 199*u. What is the remainder when d(3) is divided by 52?
47
Let y be (-8 + 9)*-15*11/3. Suppose 382 = 3*m + 5*t, 7*m = 3*m + 5*t + 486. Calculate the remainder when m is divided by 21/(-4 + y/(-10)).
12
Let q be 0 - (18062/(-2) + 1). Let x be (0 - 5*-1) + (-129)/((-9546)/13616). Calculate the remainder when (-4)/(-18) + q/x is divided by 10.
8
Let f(x) = 35*x**2 - 3*x + 3. Suppose -5*u = 0, 0 = 5*o - 2*u + 10. Calculate the remainder when f(o) is divided by 26.
19
Suppose 0 = -2*n + 4*n - 882. Suppose -c = 8*c - n. Calculate the remainder when c is divided by 38.
11
Let d(w) = 2*w**2 + 21. Suppose 0 = p - 16 + 11. What is the remainder when d(p) is divided by 38?
33
Let k be (-474*(-2)/16)/((-27)/(-36)). Suppose -5 = -4*r + k. What is the remainder when r is divided by 13?
8
Let g = -20 - -25. Suppose -g*z = 546 - 766. Calculate the remainder when 80 is divided by z.
36
Suppose -1290 = -2*q - 4*q. Suppose -4*p = 3*g + 241, 5*p + 90 = -5*g - q. Let c = p + 104. What is the remainder when c is divided by 16?
14
Let t(l) = 12*l**3 - 1212*l**2 + 41. Calculate the remainder when 1921 is divided by t(101).
35
Let d be (9/(-6) - -2)*10. Suppose -3*a + d*a - 28 = 0. What is the remainder when (1 - 2)*-1 - -49 is divided by a?
8
Suppose -105*x = 1